its digit of 412000?
0
What is the hundred thousands digit of 175525?
1
What is the tens digit of 567811?
1
What is the tens digit of 150702?
0
What is the millions digit of 21862489?
1
What is the thousands digit of 28579000?
9
What is the units digit of 297756?
6
What is the hundred thousands digit of 9500258?
5
What is the ten thousands digit of 5891409?
9
What is the hundreds digit of 163402?
4
What is the ten thousands digit of 6137231?
3
What is the tens digit of 825926?
2
What is the hundred thousands digit of 8248370?
2
What is the thousands digit of 13215359?
5
What is the hundreds digit of 2290119?
1
What is the millions digit of 1215115?
1
What is the hundred thousands digit of 2519326?
5
What is the tens digit of 14808380?
8
What is the hundreds digit of 245222?
2
What is the thousands digit of 1092474?
2
What is the units digit of 161946?
6
What is the units digit of 377216?
6
What is the hundreds digit of 291353?
3
What is the units digit of 7174859?
9
What is the hundred thousands digit of 1360704?
3
What is the units digit of 795170?
0
What is the hundreds digit of 719973?
9
What is the hundreds digit of 878664?
6
What is the thousands digit of 308240?
8
What is the tens digit of 9738005?
0
What is the hundred thousands digit of 430386?
4
What is the thousands digit of 1742355?
2
What is the units digit of 105279?
9
What is the units digit of 8378079?
9
What is the tens digit of 514502?
0
What is the units digit of 1133422?
2
What is the thousands digit of 301636?
1
What is the hundreds digit of 9404679?
6
What is the tens digit of 289611?
1
What is the hundreds digit of 131059?
0
What is the ten thousands digit of 130663?
3
What is the ten thousands digit of 4813518?
1
What is the tens digit of 3711302?
0
What is the tens digit of 560538?
3
What is the hundred thousands digit of 275398?
2
What is the tens digit of 372620?
2
What is the hundred thousands digit of 112864?
1
What is the hundreds digit of 927543?
5
What is the thousands digit of 577545?
7
What is the hundreds digit of 1131330?
3
What is the tens digit of 190220?
2
What is the millions digit of 4835894?
4
What is the tens digit of 63891?
9
What is the tens digit of 869696?
9
What is the units digit of 301689?
9
What is the hundred thousands digit of 26513021?
5
What is the thousands digit of 101070?
1
What is the thousands digit of 5377150?
7
What is the millions digit of 3099133?
3
What is the thousands digit of 790731?
0
What is the tens digit of 132704?
0
What is the units digit of 280299?
9
What is the hundred thousands digit of 2992993?
9
What is the units digit of 5874484?
4
What is the hundreds digit of 1073598?
5
What is the hundred thousands digit of 425235?
4
What is the units digit of 74844?
4
What is the units digit of 15744?
4
What is the millions digit of 10406790?
0
What is the units digit of 58946?
6
What is the hundred thousands digit of 10493343?
4
What is the ten thousands digit of 29369137?
6
What is the units digit of 1422890?
0
What is the tens digit of 730985?
8
What is the hundreds digit of 1265815?
8
What is the tens digit of 30255?
5
What is the ten thousands digit of 1843324?
4
What is the hundred thousands digit of 665725?
6
What is the hundreds digit of 1501697?
6
What is the units digit of 220584?
4
What is the hundreds digit of 137533?
5
What is the thousands digit of 182953?
2
What is the tens digit of 321575?
7
What is the tens digit of 35175?
7
What is the units digit of 1044783?
3
What is the hundreds digit of 175070?
0
What is the thousands digit of 266455?
6
What is the thousands digit of 11933614?
3
What is the tens digit of 179358?
5
What is the thousands digit of 8411611?
1
What is the millions digit of 1993960?
1
What is the hundreds digit of 1216344?
3
What is the hundreds digit of 241797?
7
What is the hundred thousands digit of 3247980?
2
What is the thousands digit of 459754?
9
What is the thousands digit of 341469?
1
What is the hundreds digit of 71796?
7
What is the units digit of 249307?
7
What is the hundreds digit of 8470579?
5
What is the ten thousands digit of 10531273?
3
What is the thousands digit of 145011?
5
What is the millions digit of 2721191?
2
What is the tens digit of 20909?
0
What is the tens digit of 1243407?
0
What is the units digit of 1523364?
4
What is the millions digit of 10884806?
0
What is the thousands digit of 23970089?
0
What is the units digit of 221502?
2
What is the ten thousands digit of 686508?
8
What is the ten thousands digit of 1085670?
8
What is the hundred thousands digit of 135794?
1
What is the ten thousands digit of 2504637?
0
What is the thousands digit of 1032149?
2
What is the tens digit of 924073?
7
What is the thousands digit of 1012506?
2
What is the tens digit of 7032174?
7
What is the hundreds digit of 701646?
6
What is the hundreds digit of 22192?
1
What is the units digit of 141807?
7
What is the thousands digit of 4206963?
6
What is the units digit of 12294863?
3
What is the thousands digit of 380464?
0
What is the hundred thousands digit of 22528078?
5
What is the ten millions digit of 15437108?
1
What is the units digit of 742025?
5
What is the ten thousands digit of 482784?
8
What is the hundreds digit of 110595?
5
What is the millions digit of 19153752?
9
What is the hundreds digit of 142184?
1
What is the thousands digit of 3923370?
3
What is the hundreds digit of 2401783?
7
What is the thousands digit of 9980634?
0
What is the units digit of 33447988?
8
What is the ten thousands digit of 26249?
2
What is the tens digit of 1077546?
4
What is the tens digit of 63349?
4
What is the units digit of 6694895?
5
What is the hundreds digit of 1599912?
9
What is the hundred thousands digit of 2429447?
4
What is the units digit of 267481?
1
What is the tens digit of 849785?
8
What is the thousands digit of 1097540?
7
What is the hundreds digit of 17731680?
6
What is the units digit of 108075?
5
What is the ten thousands digit of 13720923?
2
What is the ten thousands digit of 97492?
9
What is the hundreds digit of 7692379?
3
What is the thousands digit of 5342388?
2
What is the millions digit of 5703044?
5
What is the ten thousands digit of 549615?
4
What is the tens digit of 699754?
5
What is the units digit of 890898?
8
What is the ten thousands digit of 205163?
0
What is the ten thousands digit of 2569350?
6
What is the ten thousands digit of 253723?
5
What is the millions digit of 1722063?
1
What is the ten thousands digit of 198906?
9
What is the hundreds digit of 965525?
5
What is the thousands digit of 163951?
3
What is the ten thousands digit of 9762355?
6
What is the thousands digit of 1833235?
3
What is the millions digit of 3174699?
3
What is the units digit of 2868132?
2
What is the thousands digit of 32782?
2
What is the units digit of 46669?
9
What is the units digit of 37297?
7
What is the units digit of 2233441?
1
What is the tens digit of 445121?
2
What is the thousands digit of 366083?
6
What is the units digit of 361009?
9
What is the thousands digit of 371227?
1
What is the units digit of 65016?
6
What is the thousands digit of 915339?
5
What is the millions digit of 2028110?
2
What is the hundreds digit of 9182088?
0
What is the millions digit of 12622453?
2
What is the hundreds digit of 228079?
0
What is the tens digit of 4092819?
1
What is the ten thousands digit of 67986?
6
What is the thousands digit of 198976?
8
What is the hundred thousands digit of 321074?
3
What is the hundred thousands digit of 4760317?
7
What is the hundreds digit of 18543604?
6
What is the tens digit of 2506935?
3
What is the hundreds digit of 806922?
9
What is the tens digit of 9244996?
9
What is the units digit of 17737355?
5
What is the units digit of 813873?
3
What is the tens digit of 479140?
4
What is the units digit of 266941?
1
What is the ten thousands digit of 286417?
8
What is the ten thousands digit of 9879999?
7
What is the ten millions digit of 25853029?
2
What is the thousands digit of 8792820?
2
What is the hundred thousands digit of 9740758?
7
What is the tens digit of 1419750?
5
What is the tens digit of 489729?
2
What is the thousands digit of 1781596?
1
What is the tens digit of 1880752?
5
What is the hundreds digit of 650893?
8
What is the hundreds d